 and 25?
25
Suppose 4 = -k + 3*h, -8*k - 3*h = -3*k - 70. Let i = k + -6. Calculate the highest common divisor of i and 45.
5
Suppose 0 = -3*k + 5*y - 2*y + 24, 0 = 3*k + 2*y - 14. Suppose j + 24 = 2*j. Calculate the greatest common divisor of k and j.
6
Let s(t) = 113*t - 1. Let m be s(1). Suppose -2*x + 32 = -w, 5*x - 39 = -5*w + 41. Calculate the highest common factor of m and x.
16
Let x be 11/((-132)/(-8))*12. Calculate the greatest common factor of x and 128.
8
Suppose 0 = 5*r - 35 - 45. Suppose -2*k = p + 8, 2*k = -2*p - 2*p - 2. Let h = k + 13. Calculate the greatest common divisor of h and r.
8
Suppose -4*k + 39 = -q, -3*q - 127 = 2*k + 60. Let i = -32 - q. What is the greatest common factor of i and 9?
9
Let b(d) = 2*d**3 - 6*d**2 + 3. Let k(t) = 2*t**2 - t. Let v be k(2). Let y be b(v). Suppose 5*z = y - 44. Calculate the highest common factor of z and 7.
7
Let f = 0 - 0. Suppose f = -3*u - c - 3*c + 29, -10 = -2*c. Suppose 5 = u*r - 2*r. What is the highest common factor of 15 and r?
5
Let a(j) = 11*j + 7. Let g(u) = u + 15. Let b be g(-8). Let o be a(b). What is the highest common factor of o and 12?
12
Suppose -3*l - 143 = -4*l. What is the greatest common divisor of l and 13?
13
Let j be 106/6 - 1/(-3). Calculate the greatest common divisor of j and 72.
18
Suppose 4*j = l - 29, 5*l - 3*j = -8*j + 20. Let t be 1*(-1 + 0) - -1. Let p be -2 + 114/3 + t. Calculate the highest common factor of p and l.
9
Let z = -13 - -12. Let n(d) = 6*d**2. Let a be n(z). Calculate the greatest common divisor of a and 42.
6
Let m = 1 - 4. Let l be 2/m + (-38)/(-3). Calculate the greatest common divisor of 24 and l.
12
Suppose 56 = -0*a - a. Let q be 52/14 - 16/a. Suppose q*t + 0*t = 128. What is the highest common divisor of t and 4?
4
Let i = 207 - 130. Let z(d) = 2*d**2 + 6*d + 4. Let h be z(-5). Let b = h - 17. What is the greatest common divisor of i and b?
7
Let f = -57 - -63. What is the highest common factor of 9 and f?
3
Let d(y) = 12*y**2 - 2*y - 1. Let i be d(-1). What is the greatest common factor of 13 and i?
13
Suppose -4*a + 2 = -18. Suppose 3*w = -0*k + 5*k + 65, 0 = w - 5*k - 25. What is the highest common divisor of w and a?
5
Let b be (-2)/8 - (-1484)/112. Let d = -160 + 251. Calculate the highest common factor of b and d.
13
Let g(o) = -19*o - 51. Let w be g(-17). What is the greatest common divisor of w and 17?
17
Suppose 4*d - 33 = -9. Suppose 3*g - 15 = -3*n, g - 3*n + 1 = -d. Let t be (8/20)/(g/180). Calculate the greatest common factor of t and 9.
9
Let p be ((-3)/(-5))/(5/25). Let t = p - -3. Let v(h) = 2*h - 3. Let c be v(t). Calculate the highest common divisor of c and 45.
9
Suppose r + 2 = 2*w - r, 0 = 2*w + 2*r - 6. Let z(k) = -k**2 + 9*k + 1. Let t be z(9). What is the highest common divisor of t and w?
1
Suppose -3*g - g + 20 = 0. Suppose 5*y - 2*s - 13 = 0, y = -g*s + 8 - 0. What is the greatest common divisor of y and 1?
1
Let y(n) be the first derivative of 11*n**2 - 2*n + 5. Let k be y(1). Let f(l) = -11*l - 4. Let b be f(-4). What is the highest common divisor of b and k?
20
Suppose 64 = 2*x + 4*q, -2*x + 145 = 3*x + 5*q. Let a = -16 - -55. What is the highest common divisor of a and x?
13
Suppose 29 = 12*f - 31. Calculate the greatest common divisor of f and 15.
5
Let x = -205 - -296. What is the greatest common factor of 7 and x?
7
Let d be 1*37 + 7/(-7)*2. Calculate the highest common factor of 7 and d.
7
Let k(q) be the third derivative of 0*q + 0 - q**2 - 1/3*q**3 + 1/60*q**5 - 1/6*q**4. Let u be k(5). Calculate the highest common divisor of u and 3.
3
Let t(b) = 3*b**2 - 15*b + 2. Let a be t(6). Calculate the greatest common factor of 5 and a.
5
Let c be (-16)/5*((5 - 2) + -13). Calculate the highest common divisor of 12 and c.
4
Let c(x) = 9*x - 17. Let m be c(5). Calculate the highest common divisor of 21 and m.
7
Let y(d) = -44*d + 28. Let l be y(-4). What is the greatest common divisor of l and 34?
34
Let b = 129 + -72. Suppose -2*w = w - b. Let q = w - 12. Calculate the highest common divisor of 1 and q.
1
Suppose 5*d = -4*s + 191 + 14, 2*s - 5*d - 125 = 0. What is the greatest common factor of s and 5?
5
Let r = 39 - 25. Let n = r + -6. Calculate the greatest common divisor of n and 2.
2
Let y = -21 - -35. What is the highest common factor of 21 and y?
7
Let u(o) = -3*o - 3. Let x be u(-2). Let c be (4/3)/(4/9). Calculate the greatest common divisor of x and c.
3
Let z = 7 + -4. What is the greatest common divisor of z and 27?
3
Let k(x) = -2*x + 50. Let m be k(10). What is the highest common factor of 12 and m?
6
Suppose 0 = 28*d - 24*d - 252. Calculate the highest common divisor of d and 7.
7
Let a(h) = -h**3 + 6*h**2 + 6*h + 8. Let u = 21 + -14. Let d be a(u). Suppose -s = -d - 76. What is the greatest common divisor of 7 and s?
7
Suppose 0 = -5*s + l + 2062 + 370, -5*s + 5*l + 2440 = 0. Let b = -325 + s. Calculate the greatest common factor of 23 and b.
23
Let l(a) = -a**2 - 19*a - 16. Let v be l(-18). Suppose 0 = v*s - 3*s + 36. What is the greatest common factor of s and 12?
12
Suppose b + 8 = -b, 5*y + 3*b - 168 = 0. Calculate the greatest common factor of y and 6.
6
Let s(w) = 5*w + 10. Let d(i) = 5*i + 9. Let m(q) = 2*d(q) - 3*s(q). Let g be m(-6). What is the greatest common divisor of g and 18?
18
Suppose 2*l - 19 - 27 = 0. Calculate the highest common factor of l and 207.
23
Let u(x) = x**2 - 5*x - 5. Let l be u(-6). Suppose -4*p = -l - 11. Calculate the highest common divisor of 2 and p.
2
Let x = 116 + -108. What is the highest common divisor of x and 136?
8
Suppose d + 5*o + 10 = 6*d, 0 = -3*d + o + 16. Let g(z) = 4*z + 10. Let c be g(8). Calculate the highest common factor of d and c.
7
Suppose -6 - 4 = -d. Let f be (-1)/2*2*-5. Suppose 5*x - f*n - 450 = 0, 4*x - 2*x + n = 180. What is the greatest common factor of d and x?
10
Let q(n) = -n**2 + 8*n - 4. Let p be q(7). Suppose 0 = -4*a + p*u + 55, 3*a - 62 = -2*a - 3*u. Calculate the greatest common divisor of a and 65.
13
Suppose 1 - 5 = -4*j. Let z = j - -1. Suppose -q + z = -10. Calculate the highest common divisor of q and 108.
12
Let c be ((-4)/(-3))/((-6)/27). Let f(b) = -b**3 - 6*b**2 - b - 3. Let t be f(c). Suppose 6 = t*y - 2*y. Calculate the highest common divisor of y and 18.
6
Suppose 4*a - v = 4*v + 69, 0 = -4*a - v + 63. Let l be -2*(-460)/a*2. Calculate the highest common factor of 23 and l.
23
Let f be (-3)/(-7) - (-53)/7. Suppose -1 = t - f. Suppose -3*r + 2 = 2*i - 0*r, 4*i - 4*r = 44. What is the greatest common divisor of i and t?
7
Let h(i) = -i**3 + 22*i**2 - 19*i - 22. Let m be h(21). Calculate the greatest common factor of 8 and m.
4
Let o(l) = l**2 + 3*l - 2. Let r be o(-5). Suppose -3*y + 44 = 2*g, -y = 4*g + y - 72. Calculate the highest common divisor of g and r.
8
Suppose -3*y - 47 = -m, 0 = y - 2*y - 2*m - 11. Let d = 3 - y. Let i = d - 13. Calculate the greatest common factor of 10 and i.
5
Suppose 35 = 5*o - 5*j, 5*o + j - 29 = -0*j. Let k be 1/(12/8)*o. Calculate the greatest common divisor of 16 and k.
4
Let u(v) = -v + 5. Let n be u(8). Let y(m) = 9*m**2 - m - 4. Let j be y(n). Suppose -67 = -3*z - 7. Calculate the highest common factor of j and z.
20
Let a(d) = d**2 - 14*d + 7. Let i be a(16). Calculate the greatest common divisor of i and 26.
13
Let a = -100 - -156. Calculate the highest common divisor of a and 8.
8
Let u = 27 - 25. Let s be (-1)/u - 366/(-12). Calculate the greatest common factor of s and 15.
15
Suppose -9 = -4*h - 1. Suppose h*v + 336 = 5*v. What is the highest common factor of 14 and v?
14
Let v(f) be the second derivative of f**4/6 - 5*f**3/6 + f**2/2 - 16*f. Let g be v(7). Let t = 44 + -28. Calculate the greatest common factor of t and g.
16
Suppose -5*x + 10 = 3*t, -4*t = -3*t - 2*x - 18. Let s be ((-4)/(-5))/(8/(-900)). Let r be -7*13/(91/s). Calculate the greatest common factor of t and r.
10
Let i(p) = p**3 - 8*p**2 + 2*p - 10. Let b = -13 - -21. Let x be i(b). What is the greatest common divisor of 9 and x?
3
Suppose -3*n - 116 = b - 3*b, 3*n - 232 = -4*b. Let u = b + -32. Let f = u - 16. Calculate the highest common factor of 2 and f.
2
Let d(w) = 20*w + 5. Suppose 0*z + 2*i - 34 = -3*z, 5*z + 5*i - 65 = 0. Let k be d(z). Calculate the greatest common factor of 15 an